?
-305143
In base 8, what is -55 - 522?
-577
In base 2, what is 1110010 + 1110111?
11101001
In base 8, what is 462 - 7530?
-7046
In base 15, what is 62644a + -3?
626447
In base 15, what is 2 + -9038?
-9036
In base 7, what is -1324501 - 15?
-1324516
In base 4, what is 20 + -302232220?
-302232200
In base 2, what is -10 + -1011011001111000000?
-1011011001111000010
In base 16, what is 90 - -a09?
a99
In base 9, what is -1 + 213?
212
In base 5, what is -220 - -10101114?
10100344
In base 4, what is 110 + 3232103?
3232213
In base 9, what is -17471 + -42?
-17523
In base 5, what is 403302 + -144?
403103
In base 7, what is -110 - -143424?
143314
In base 9, what is 38073 + 4?
38077
In base 13, what is 15 + 19432?
19447
In base 14, what is -2c2b - -8a?
-2b81
In base 9, what is -1 + 351628?
351627
In base 13, what is 1aaa - 85?
1a25
In base 13, what is 1 + 14645?
14646
In base 16, what is 11d0 - 3?
11cd
In base 6, what is -114 - -101530?
101412
In base 9, what is -2320 + 22?
-2287
In base 8, what is -60472 - 0?
-60472
In base 15, what is 180eb - b?
180e0
In base 10, what is -67 + -10016?
-10083
In base 7, what is -442 - 1212?
-1654
In base 4, what is 1 - 32210310?
-32210303
In base 8, what is 200562 - 23?
200537
In base 6, what is -3431 - -1235?
-2152
In base 13, what is 3123 + 4?
3127
In base 10, what is -1 + 175348?
175347
In base 13, what is -4 - -3a13a?
3a136
In base 8, what is -724 + 11?
-713
In base 6, what is 4102423 - 0?
4102423
In base 14, what is 4 - 98c?
-988
In base 4, what is 1101330 - -130?
1102120
In base 8, what is 353471 + 2?
353473
In base 2, what is -110010010111101010 + -101?
-110010010111101111
In base 5, what is 10220011 - 2?
10220004
In base 16, what is -33c66 + 2?
-33c64
In base 5, what is 1400 - 2110?
-210
In base 11, what is 19a3 - -11?
1a04
In base 5, what is 23 + 2432223?
2432301
In base 16, what is -b3c + -4?
-b40
In base 11, what is 24 + 2325?
2349
In base 3, what is -22110002 + 20?
-22102212
In base 13, what is 649 + -36?
613
In base 15, what is 29c + -29?
273
In base 5, what is -2 + -2301003?
-2301010
In base 7, what is -4256601 + -11?
-4256612
In base 2, what is 10110111011100000011 + -100?
10110111011011111111
In base 14, what is -9 - -844?
839
In base 12, what is -9156 + -1?
-9157
In base 11, what is -5 - 11414?
-11419
In base 4, what is -21331030001 + 2?
-21331023333
In base 13, what is 29a7 + 75?
2a4c
In base 13, what is -7 - 37ab?
-37b5
In base 5, what is 24233 - 2340?
21343
In base 9, what is -21758 + 0?
-21758
In base 10, what is 1238 + 951?
2189
In base 5, what is 0 + -424313?
-424313
In base 10, what is 13 - -56510?
56523
In base 8, what is 4247402 + 0?
4247402
In base 11, what is -22407 - 5?
-22411
In base 9, what is -2268 - 443?
-2722
In base 16, what is 9d8f - 0?
9d8f
In base 16, what is 3 - -c4d2?
c4d5
In base 12, what is 6 - -69?
73
In base 3, what is 112020120 - 120?
112020000
In base 5, what is -1 + 432020?
432014
In base 4, what is 13 + 110102?
110121
In base 7, what is 312 - 3600?
-3255
In base 12, what is 64 + 3b?
a3
In base 16, what is 12112 + 1?
12113
In base 3, what is -2210 - -11222101?
11212121
In base 16, what is -5 + -24e3?
-24e8
In base 9, what is -28283500 + -1?
-28283501
In base 4, what is -1 + -1221311?
-1221312
In base 5, what is -4 - 304402?
-304411
In base 7, what is -30 - 56300?
-56330
In base 6, what is -1303 + -1310?
-3013
In base 12, what is -1800 + 25?
-1797
In base 8, what is 3 - -36227?
36232
In base 9, what is 4 - 246214?
-246210
In base 5, what is 1010112 + -1?
1010111
In base 11, what is -186 + -36?
-211
In base 7, what is -3243 + 35?
-3205
In base 3, what is 21100 - -102002210?
102101010
In base 5, what is -1232 - 11?
-1243
In base 12, what is -193 - 1b?
-1b2
In base 15, what is 0 + -1b47?
-1b47
In base 8, what is 4606 - -1051?
5657
In base 16, what is -4 + -26a3a?
-26a3e
In base 4, what is -13 - -2220222?
2220203
In base 11, what is 3a5919 - -2?
3a5920
In base 4, what is -31 - -21312?
21221
In base 5, what is -140 + -202010?
-202200
In base 7, what is -1 + 2223634?
2223633
In base 6, what is -11 - 551145?
-551200
In base 8, what is -206 + -245?
-453
In base 4, what is -1000331000 + 10?
-1000330330
In base 14, what is 11047 + -8?
1103d
In base 5, what is -132030 - -23?
-132002
In base 9, what is 3 + -11378?
-11375
In base 13, what is -136 - 12a?
-263
In base 15, what is 0 + -dd4?
-dd4
In base 5, what is 3 - 12232034?
-12232031
In base 8, what is 126361 - 0?
126361
In base 9, what is -8623 + 427?
-8185
In base 5, what is -10432 - 41?
-11023
In base 3, what is 120222121 - -120?
121000011
In base 16, what is 8316 + -2a?
82ec
In base 4, what is -3 - 102031021?
-102031030
In base 5, what is 11321402 + 3?
11321410
In base 8, what is -34 + -331742?
-331776
In base 2, what is 11000 + -10110101010110?
-10110100111110
In base 5, what is 10 - 3142114?
-3142104
In base 11, what is -734 - 26?
-75a
In base 9, what is 381560 + -5?
381554
In base 11, what is 2904 + -1052?
1862
In base 10, what is 676 + 21?
697
In base 9, what is 23237 + -4?
23233
In base 12, what is -17 + -2b9?
-314
In base 13, what is 41 - -2?
43
In base 9, what is -604332 + 0?
-604332
In base 13, what is 693 + 1b6?
879
In base 8, what is 5 - -4166?
4173
In base 4, what is 3203 + 30033?
33302
In base 6, what is 2 + 12420033?
12420035
In base 2, what is 1010111111101 - 11110?
1010111011111
In base 4, what is -11021210330 - 11?
-11021211001
In base 15, what is -104 + -4489?
-458d
In base 3, what is -1110 + -1010110?
-1011220
In base 8, what is 2 - 107722?
-107720
In base 14, what is -5 + -3479?
-3480
In base 5, what is 3242400 + 1?
3242401
In base 16, what is -15b47 - 4?
-15b4b
In base 14, what is -8c + 495?
407
In base 9, what is -171 - 372?
-553
In base 4, what is 10 - -3131222?
3131232
In base 7, what is -545310 + 2?
-545305
In base 15, what is a0c055 - -1?
a0c056
In base 5, what is 1420 + -11411?
-4441
In base 15, what is -851be - -1?
-851bd
In base 2, what is 11 - -1011011100101101001?
1011011100101101100
In base 8, what is 55 - -37076?
37153
In base 8, what is 4 + -175336?
-175332
In base 10, what is -40 + 15697?
15657
In base 5, what is -11131 + -21312?
-32443
In base 13, what is 35 - -1a6?
20b
In base 12, what is -5 + -459a1?
-459a6
In base 2, what is 1100000001111011101 + -101?
1100000001111011000
In base 4, what is -3 - -212201?
212132
In base 10, what is 19 + -6819?
-6800
In base 13, what is a - -b8b?
b98
In base 6, what is -24 - -4005?
3541
In base 9, what is -5738 + 43?
-5685
In base 7, what is 4162 - 1325?
2534
In base 3, what is -1110 - 10120020102?
-10120021212
In base 3, what is -1200 - -10101?
1201
In base 9, what is -1338 + -618?
-2057
In base 6, what is -44 - 23523?
-24011
In base 3, what is 11120 - -2121100?
2202220
In base 10, what is -126 + 7134?
7008
In base 14, what is -152 + a7?
-89
In base 11, what is 41025a9 + 1?
41025aa
In base 12, what is -13b - -82?
-79
In base 3, what is -100001221120 + -12?
-100001221202
In base 2, what is 10000111 - -100101100000?
100111100111
In base 10, what is -4 - -12304?
12300
In base 15, what is -4 - -4b95?
4b91
In base 9, what is -261 - -37?
-223
In base 14, what is 5 - -756db?
75702
In base 9, what is 25 + -6548?
-6523
In base 3, what is 21 - 120122211?
-120122120
In base 16, what is 4c3 - -cc?
58f
In base 10, what is -229179 - -5?
-229174
In base 12, what is -21a + 212?
-8
In base 3, what is -21110 + -100110?
-121220
In base 16, what is -a + b181?
b177
In base 14, what is -b0a9 + 3?
-b0a6
In base 4, what is -130 + -1122?
-1312
In base 10, what is -48800 + -2?
-48802
In base 11, what is -57 + -39a4?
-3a50
In base 14, what is -4 - 17b7?
-17bb
In base 9, what is 155 + -176?
-21
In base 6, what is 20043 - -43?
20130
In base 9, what is 616 - -603?
1320
In base 3, what is 2220 + -10102022?
-10022102
In base 16, what is -64c - -15?
-637
In base 16, what is -243c + -5?
-2441
In base 16, what is -84b1 - -14?
-849d
In base 16, what is -4ca + -74?
-53e
In base 14, what is -63cb - -184?
-6247
In base 10, what is 2088552 - 2?
2088550
In base 8, what is -4 + 2645045?
2645041
In base 12, what is -1553 - 1?
-1554
In base 12, what is 447249 + -1?
447248
In base 14, what is 5 - -1774?
1779
In base 10, what is -22 - -43799?
43777
In base 8, what is 102 + 7273?
7375
In base 14, what is 1